 thousands digit of 592581?
2
What is the hundred thousands digit of 11713560?
7
What is the hundreds digit of 6275608?
6
What is the hundred thousands digit of 1881517?
8
What is the units digit of 3890857?
7
What is the hundreds digit of 8461080?
0
What is the ten thousands digit of 502704?
0
What is the ten thousands digit of 1078781?
7
What is the units digit of 107878?
8
What is the hundreds digit of 69098?
0
What is the hundred thousands digit of 2646711?
6
What is the hundreds digit of 5451986?
9
What is the tens digit of 2654580?
8
What is the hundred thousands digit of 1437073?
4
What is the tens digit of 1012222?
2
What is the millions digit of 2293145?
2
What is the tens digit of 470541?
4
What is the ten thousands digit of 319338?
1
What is the thousands digit of 110443?
0
What is the units digit of 2108986?
6
What is the tens digit of 134198?
9
What is the hundreds digit of 547071?
0
What is the ten thousands digit of 303376?
0
What is the tens digit of 208950?
5
What is the hundreds digit of 2954796?
7
What is the thousands digit of 85410?
5
What is the millions digit of 1229035?
1
What is the units digit of 9528236?
6
What is the thousands digit of 17098496?
8
What is the ten thousands digit of 7231835?
3
What is the hundred thousands digit of 1039481?
0
What is the hundreds digit of 10177466?
4
What is the units digit of 14219998?
8
What is the units digit of 573779?
9
What is the thousands digit of 6169919?
9
What is the units digit of 5517420?
0
What is the units digit of 482630?
0
What is the hundred thousands digit of 207940?
2
What is the thousands digit of 222669?
2
What is the hundred thousands digit of 8774274?
7
What is the ten thousands digit of 224495?
2
What is the hundreds digit of 10892495?
4
What is the tens digit of 1419181?
8
What is the ten thousands digit of 33806766?
0
What is the hundred thousands digit of 1049130?
0
What is the ten thousands digit of 14990?
1
What is the millions digit of 11030591?
1
What is the units digit of 1653388?
8
What is the thousands digit of 17357?
7
What is the thousands digit of 1038271?
8
What is the units digit of 251985?
5
What is the tens digit of 28870188?
8
What is the hundred thousands digit of 6416618?
4
What is the units digit of 407455?
5
What is the thousands digit of 3185911?
5
What is the units digit of 37128?
8
What is the ten thousands digit of 694899?
9
What is the units digit of 499190?
0
What is the units digit of 4234143?
3
What is the ten thousands digit of 165841?
6
What is the ten thousands digit of 1630474?
3
What is the millions digit of 1708213?
1
What is the tens digit of 463706?
0
What is the units digit of 4736547?
7
What is the millions digit of 1934690?
1
What is the thousands digit of 211720?
1
What is the ten thousands digit of 5235967?
3
What is the hundred thousands digit of 374835?
3
What is the hundred thousands digit of 254061?
2
What is the hundreds digit of 199752?
7
What is the units digit of 1402216?
6
What is the hundreds digit of 578195?
1
What is the units digit of 523068?
8
What is the millions digit of 4881669?
4
What is the hundreds digit of 86004?
0
What is the ten thousands digit of 683648?
8
What is the tens digit of 1877229?
2
What is the hundred thousands digit of 1589460?
5
What is the hundred thousands digit of 404178?
4
What is the ten thousands digit of 1003651?
0
What is the hundreds digit of 16084453?
4
What is the ten millions digit of 22107359?
2
What is the thousands digit of 1788527?
8
What is the tens digit of 890668?
6
What is the thousands digit of 3512379?
2
What is the hundreds digit of 40091?
0
What is the hundred thousands digit of 1657931?
6
What is the tens digit of 584547?
4
What is the millions digit of 1233417?
1
What is the thousands digit of 863298?
3
What is the units digit of 3787844?
4
What is the thousands digit of 1978783?
8
What is the ten thousands digit of 162390?
6
What is the millions digit of 8330017?
8
What is the thousands digit of 735399?
5
What is the hundreds digit of 2822241?
2
What is the thousands digit of 125168?
5
What is the hundreds digit of 7946536?
5
What is the hundred thousands digit of 264459?
2
What is the hundreds digit of 592129?
1
What is the tens digit of 2018203?
0
What is the units digit of 4086008?
8
What is the hundreds digit of 141886?
8
What is the ten thousands digit of 213975?
1
What is the hundreds digit of 589771?
7
What is the tens digit of 4163454?
5
What is the hundred thousands digit of 305540?
3
What is the tens digit of 23073140?
4
What is the ten thousands digit of 20750505?
5
What is the thousands digit of 3690218?
0
What is the units digit of 339889?
9
What is the tens digit of 116050?
5
What is the hundreds digit of 363445?
4
What is the hundred thousands digit of 478327?
4
What is the millions digit of 3183026?
3
What is the units digit of 8429618?
8
What is the ten thousands digit of 3064398?
6
What is the hundred thousands digit of 798559?
7
What is the hundred thousands digit of 4102528?
1
What is the hundred thousands digit of 34406574?
4
What is the hundred thousands digit of 285847?
2
What is the hundred thousands digit of 1429141?
4
What is the thousands digit of 23747450?
7
What is the hundreds digit of 130078?
0
What is the ten thousands digit of 9786378?
8
What is the hundreds digit of 268669?
6
What is the thousands digit of 774603?
4
What is the thousands digit of 10660814?
0
What is the thousands digit of 427024?
7
What is the hundreds digit of 2451762?
7
What is the tens digit of 405264?
6
What is the hundreds digit of 33220990?
9
What is the tens digit of 40602?
0
What is the tens digit of 6911724?
2
What is the hundreds digit of 133314?
3
What is the ten thousands digit of 2234882?
3
What is the units digit of 14335639?
9
What is the hundred thousands digit of 6065975?
0
What is the tens digit of 5206?
0
What is the hundred thousands digit of 5247957?
2
What is the ten thousands digit of 170450?
7
What is the hundreds digit of 300541?
5
What is the ten thousands digit of 34512409?
1
What is the thousands digit of 536446?
6
What is the tens digit of 2433452?
5
What is the thousands digit of 71970?
1
What is the hundreds digit of 1624410?
4
What is the ten thousands digit of 8240610?
4
What is the hundreds digit of 1128881?
8
What is the millions digit of 2676243?
2
What is the ten thousands digit of 65697?
6
What is the thousands digit of 126986?
6
What is the hundred thousands digit of 340422?
3
What is the units digit of 1865969?
9
What is the hundreds digit of 3439439?
4
What is the hundred thousands digit of 136196?
1
What is the hundred thousands digit of 587189?
5
What is the hundred thousands digit of 3202985?
2
What is the hundreds digit of 79257?
2
What is the hundreds digit of 372607?
6
What is the millions digit of 16372008?
6
What is the millions digit of 1163858?
1
What is the hundred thousands digit of 30971060?
9
What is the thousands digit of 1439543?
9
What is the ten thousands digit of 1349917?
4
What is the thousands digit of 188740?
8
What is the ten thousands digit of 1520649?
2
What is the ten thousands digit of 2120926?
2
What is the thousands digit of 54781?
4
What is the units digit of 6397600?
0
What is the hundred thousands digit of 20951938?
9
What is the units digit of 12588445?
5
What is the thousands digit of 130322?
0
What is the units digit of 469871?
1
What is the thousands digit of 228996?
8
What is the ten thousands digit of 441602?
4
What is the hundred thousands digit of 2902366?
9
What is the thousands digit of 2603362?
3
What is the hundreds digit of 2540356?
3
What is the tens digit of 1964802?
0
What is the hundred thousands digit of 1490587?
4
What is the hundred thousands digit of 292817?
2
What is the hundreds digit of 353339?
3
What is the thousands digit of 552299?
2
What is the millions digit of 14924087?
4
What is the hundred thousands digit of 2105319?
1
What is the tens digit of 4884831?
3
What is the hundreds digit of 33839?
8
What is the tens digit of 8203330?
3
What is the thousands digit of 1718421?
8
What is the ten thousands digit of 18202240?
0
What is the thousands digit of 8344209?
4
What is the units digit of 85130?
0
What is the hundred thousands digit of 106915?
1
What